c6
In base 14, what is 70 + -6116d?
-610dd
In base 13, what is -1b5 - -7845?
7660
In base 7, what is 625 - 321001?
-320043
In base 13, what is 29 + -713034?
-713008
In base 4, what is 1 - -1033212003332?
1033212003333
In base 13, what is -11 - 8a8c481?
-8a8c492
In base 5, what is -14 + -210421014?
-210421033
In base 14, what is 0 - 43d9c53?
-43d9c53
In base 8, what is -110 - 2701247?
-2701357
In base 3, what is 12 + 101221101021122121?
101221101021122210
In base 14, what is 0 - 2b5a0dc?
-2b5a0dc
In base 15, what is -513 - -a7050?
a6a3c
In base 9, what is -7888 - -17227?
8228
In base 2, what is 111 + -1000000010011101111100000?
-1000000010011101111011001
In base 12, what is 5025 + 326?
534b
In base 11, what is 147 + 100230?
100377
In base 4, what is -21 + 213310203230?
213310203203
In base 4, what is 100 + -2003011?
-2002311
In base 2, what is -10100111101110101 + 111?
-10100111101101110
In base 2, what is 101100110010001010 - 11010110?
101100101110110100
In base 10, what is -868 - 393061?
-393929
In base 8, what is 2344310 - 130?
2344160
In base 4, what is 213220 - -3231?
223111
In base 9, what is 302314 - 7103?
284211
In base 16, what is 48e06 + -13?
48df3
In base 2, what is 101111100000101010001100100010 + 1?
101111100000101010001100100011
In base 15, what is -2 + -aa3e506?
-aa3e508
In base 13, what is 1a + -57567ac?
-5756792
In base 9, what is 5 + 5668427?
5668433
In base 6, what is 121032 - -514?
121550
In base 12, what is 6b - 27701?
-27652
In base 3, what is -112020201221 - -111220?
-112020020001
In base 7, what is -22505205 - -13?
-22505162
In base 5, what is 2143203340 + -24?
2143203311
In base 12, what is -129b80 + -157?
-12a117
In base 10, what is 15 + -742389?
-742374
In base 5, what is 12012 - 31043?
-14031
In base 8, what is 1 + 1102147?
1102150
In base 2, what is -1000011010101 - -110001010011100011?
110000010000001110
In base 6, what is 5 + -1350211550?
-1350211541
In base 7, what is -1414013 + -525?
-1414541
In base 6, what is -145430 + -1131505?
-1321335
In base 14, what is 4 - 7508072?
-750806c
In base 7, what is -11565 + -146051?
-160646
In base 11, what is 4 - 114a966a?
-114a9666
In base 5, what is -224344 + 1011224?
231330
In base 12, what is -1942a13 - -4?
-1942a0b
In base 9, what is -7251 + -1745?
-10106
In base 8, what is -2 - -363477400?
363477376
In base 8, what is -452057551 + 10?
-452057541
In base 3, what is -11021 + -122221102211?
-122221121002
In base 3, what is -1220120 + -102121101010?
-102200021200
In base 10, what is 2059815 - 34?
2059781
In base 16, what is c3ede0 + -5?
c3eddb
In base 3, what is 120022202110 - -2?
120022202112
In base 16, what is -124 - 463b6?
-464da
In base 13, what is 4 - -194a92?
194a96
In base 8, what is -2170542 + 142?
-2170400
In base 5, what is 0 - -1101233112?
1101233112
In base 14, what is 6002ca + -7?
6002c3
In base 4, what is 0 - 111222013331?
-111222013331
In base 2, what is 10101 + 110011110010000100100?
110011110010000111001
In base 6, what is 3505151 - -12152?
3521343
In base 4, what is 2201221223 + -110?
2201221113
In base 3, what is -221 - -11101002101011?
11101002100020
In base 5, what is -214044014 - 21?
-214044040
In base 7, what is 4 + -104531512?
-104531505
In base 7, what is -113133060 + -5?
-113133065
In base 14, what is -29c98a + -16?
-29c9a2
In base 8, what is -167717150 + -4?
-167717154
In base 2, what is -101111 + 10000001001111110110?
10000001001111000111
In base 5, what is 22141444420 + -10?
22141444410
In base 4, what is 230121 + -130102?
100013
In base 12, what is 4 - 223144?
-223140
In base 5, what is 12320031 + 104043?
12424124
In base 10, what is 3037957 + 5?
3037962
In base 7, what is 4165635642 + -5?
4165635634
In base 10, what is 214814 + 308?
215122
In base 5, what is 240014101 + 1341?
240020442
In base 7, what is 242 + 10422?
10664
In base 9, what is 262 - -35221?
35483
In base 12, what is -155a9829a + 1?
-155a98299
In base 9, what is 4804 - 21743?
-15838
In base 7, what is 13161120 - -1?
13161121
In base 13, what is -307 + -23c8?
-2702
In base 11, what is -17 - -129058?
129041
In base 11, what is -25a523 - -8?
-25a516
In base 14, what is 0 + 72c6cb?
72c6cb
In base 2, what is 100001011 + 100100000011011?
100100100100110
In base 6, what is -12452331553 + 3?
-12452331550
In base 6, what is 2 - 153055434?
-153055432
In base 12, what is -385b23 - 1?
-385b24
In base 13, what is 1 - -30799840?
30799841
In base 13, what is -20662 + -21bb?
-22850
In base 8, what is -2 + 13043371?
13043367
In base 3, what is 11210122011 + 122001?
11211021012
In base 15, what is 20 - 1db9ce?
-1db9ae
In base 12, what is -1 - -416788?
416787
In base 8, what is 14510 + 303?
15013
In base 7, what is -652104 + 624?
-651150
In base 10, what is 10 - 9903438?
-9903428
In base 13, what is 2 - -1478c7c8?
1478c7ca
In base 11, what is -12567aa - -2?
-12567a8
In base 4, what is 110002 + 1223122?
1333130
In base 10, what is -3 + 2608015?
2608012
In base 12, what is -6188 + 4213?
-1b75
In base 3, what is -12 - -10022212221011021?
10022212221011002
In base 14, what is -1 + -112c483?
-112c484
In base 4, what is 133101213102 + -3?
133101213033
In base 15, what is 10306c - a?
103062
In base 2, what is -1000000110 + 10001000011011000?
10000111011010010
In base 10, what is -4321 - 206?
-4527
In base 10, what is 70126129 - -6?
70126135
In base 10, what is -5330258 - 5?
-5330263
In base 9, what is 807586 - -347?
808044
In base 3, what is 212001101001012 - 1?
212001101001011
In base 15, what is -2d5bb4e + 4?
-2d5bb4a
In base 5, what is -321 - 3334414?
-3340240
In base 2, what is 1001011100010110 - 1000011000?
1001010011111110
In base 13, what is 5 + 14098988?
14098990
In base 7, what is 15630114 + -2?
15630112
In base 15, what is -38280 + -48?
-382c8
In base 9, what is -24 + 14607?
14573
In base 10, what is -4 + -1528755?
-1528759
In base 6, what is -4 + 324243014?
324243010
In base 9, what is 2561 - -8165?
11736
In base 8, what is -17370703 - -4?
-17370677
In base 15, what is 411532 + 3?
411535
In base 3, what is 20011200001 + -22012220?
12212110011
In base 13, what is -28 + 276a333?
276a308
In base 8, what is -155443 - 474?
-156137
In base 7, what is -65 - 16044420?
-16044515
In base 7, what is 13021041 - 216?
13020522
In base 6, what is 21314200 - 45?
21314111
In base 3, what is -10002101200200 - 102?
-10002101201002
In base 14, what is -73 + -451dc?
-45271
In base 5, what is -2422 + -340110?
-343032
In base 16, what is -1ee - 45a1?
-478f
In base 8, what is -1206775 - -204?
-1206571
In base 2, what is 0 - 10000010010011100010001?
-10000010010011100010001
In base 8, what is 764321 - -1?
764322
In base 13, what is 386 + -a084?
-99cb
In base 5, what is -4 - -1431113340?
1431113331
In base 16, what is 3 - -5146b?
5146e
In base 16, what is 30ce8 - 1d?
30ccb
In base 11, what is 5 - -396849?
396853
In base 10, what is 60906526 - 1?
60906525
In base 11, what is -38939a + 80?
-38931a
In base 6, what is 24141 - 3122?
21015
In base 13, what is 453 - -41715?
41b68
In base 15, what is 39d + -1cb26?
-1c778
In base 9, what is -17156 - 6783?
-25050
In base 6, what is 20 + -51133014?
-51132554
In base 5, what is 11011341032 - 0?
11011341032
In base 16, what is -36f2 - d61?
-4453
In base 3, what is -210 - 20022012100?
-20022020010
In base 16, what is -5 + -7b68d0?
-7b68d5
In base 16, what is 1a9a033 - -15?
1a9a048
In base 8, what is -140610 - -4436?
-134152
In base 9, what is -3 - -12143145?
12143142
In base 13, what is 6b75 - 3357?
381b
In base 4, what is -131001001322 + 11?
-131001001311
In base 11, what is -79 + 1031315?
1031247
In base 6, what is 12 + -100301421?
-100301405
In base 11, what is -189 - 170a7?
-17285
In base 5, what is 113 + 2230403332?
2230404000
In base 9, what is 648235 + -345?
647780
In base 12, what is -36b49 + -24?
-36b71
In base 2, what is 0 + 11101000101111100011001?
11101000101111100011001
In base 14, what is 222 - 90da?
-8cb8
In base 3, what is 22102120201 - -12100?
22102210001
In base 14, what is 12c + -16d33?
-16c05
In base 15, what is b83b - -3630?
ee6b
In base 5, what is -331413101322 + -1?
-331413101323
In base 11, what is -20 + 431696?
431676
In base 2, what is -1010000000 + 10001100011?
111100011
In base 12, what is -a305b85 + 0?
-a305b85
In base 3, what is 12 + 121100122201010